5 - 2) - (-10 + 14)?
-3
Calculate (-1 - 2) + 5 + -5 + 1.
-2
Calculate -12 + 7 + -2 + 3.
-4
What is 9 - (6 - (-8 - -3))?
-2
What is (3 - (-3 - 0)) + -5 + 1?
2
-9 - (-3 - -7) - -6
-7
Evaluate -4 + (-1 - -4) + 46 + -45.
0
Evaluate (20 - 21) + 8 - (0 - -8).
-1
Evaluate -7 + 5 + 0 + 0.
-2
Calculate 2 + -4 + -7 - -4.
-5
Evaluate 1 + (9 - (8 - 3)).
5
Calculate -5 - (1 + -2 - (16 + -12)).
0
Evaluate (1 - 4) + (-4 - -2) + 0.
-5
-8 + (9 - -6) + -8
-1
-2 + (0 - (1 + -3 - 2))
2
What is 3 + (-10 - -3) - (-1 + 0)?
-3
Calculate 0 - (-6 + 4) - -3.
5
(-6 - 0) + 0 + 5
-1
What is (-10 - -8) + (-1 - -7)?
4
Calculate -4 + (-1 + 1 - 3 - -2).
-5
What is the value of 1 + -5 + -81 + 81?
-4
Evaluate (2 - 22) + 37 + -25.
-8
Evaluate (0 - -2) + -81 + 85.
6
What is the value of (1 - 5) + (-5 - -9)?
0
What is the value of -3 + 7 + (-3 + -1 - -1)?
1
What is (-6 - (0 - -8)) + 9?
-5
-14 - (9 + -16) - (-12 - -1)
4
What is -10 + (-17 + 15 - -9)?
-3
What is the value of -3 + -1 + (0 - -3)?
-1
Calculate -3 + 3 - (-6 + 9).
-3
What is the value of 7 + 0 + (8 - 10) - -3?
8
2 - (-1 + 4 + -1)
0
(19 - 9) + -6 - 2
2
What is (-10 - -12) + (1 + 1 - 1)?
3
Evaluate -8 + -8 + (-7 - -16) + 4.
-3
What is the value of (5 - 7) + (-4 - -8 - 9)?
-7
Calculate 3 - 18 - -10 - -2.
-3
Evaluate (-8 - -8) + -3 + 0 + 0.
-3
14 - (3 + -2 + -4 + 10)
7
3 + 0 - (14 + (-29 - -15))
3
What is the value of (-59 - -58) + (-3 - -1)?
-3
Evaluate (7 + -4 + -1 - 0) + -3.
-1
-3 + (0 - (-1 - 4))
2
Evaluate 3 + -1 + 1 + -3.
0
What is the value of 0 - (-8 + 13 + -13)?
8
Calculate -11 + 7 + 0 + (-2 - -15).
9
2 + (0 - 8) - (-14 - -4)
4
Evaluate 2 - -1 - (0 - (-1 - 1)).
1
Calculate -19 - -5 - -11 - -11.
8
Calculate -1 + (-7 - 4) + 9.
-3
Evaluate -5 + 1 + (-2 - -3) + 0.
-3
What is -6 - -4 - (-12 - -4 - 0)?
6
What is 1 + 3 + 0 + -9?
-5
What is the value of (-2 - (-6 - -2)) + -5 + -3?
-6
Evaluate 5 + 6 + -6 + -3.
2
1 + 5 + -4 + 4
6
Evaluate (2 - (-6 + 10)) + (0 - -4).
2
Evaluate -1 + 10 + -2 - (184 - 183).
6
What is the value of -1 + (2 - 2) + (108 - 112)?
-5
Evaluate (-6 - -8) + (1 - (-1 - -1)).
3
(2 + -6 - (2 + -3)) + 5
2
Calculate 2 - (2 - (3 + -3) - -1).
-1
What is 56 - 57 - (-5 - 1)?
5
Calculate 1 - (-5 - 1) - (14 + -11).
4
(-1 + 0 + -1 - 4) + 2
-4
Evaluate 6 + -2 + 0 + -3 + 4.
5
What is 7 + -6 + (-4 - 1)?
-4
What is the value of 3 + (-8 - (1 + -15)) + 0?
9
What is the value of (-1 - (-1 + 0)) + -3 + 3?
0
What is the value of -1 - -1 - 5 - (-7 - -5)?
-3
Evaluate (-6 - -9 - 3) + (-2 - 0).
-2
Calculate -2 + 1 + -1 + 5 - 1.
2
What is -1 - (0 + 6 + -3 - 1)?
-3
Calculate (-1 - -6) + -1 + -1.
3
Evaluate -1 - (-1 + 4 + 0).
-4
Evaluate 1 + (8 - 6 - 1).
2
(1 - -1) + (-19 - -12)
-5
Calculate 0 - (2 + -3 - (4 + 2)).
7
Evaluate 3 + (5 - 14) + 3 + 4.
1
Calculate 3 + 0 + -5 + -2.
-4
(-2 - -5) + -4 + -11 + 6
-6
What is 4 - (4 - (1 - (2 + -1)))?
0
Calculate (-9 - (0 + -2 - 2)) + 0.
-5
Calculate (8 - (3 + 8)) + 7.
4
Calculate 4 + 4 + 0 - 6.
2
What is 9 + (2 - -3 - 10)?
4
Evaluate (-4 - 2 - -3) + 1.
-2
Calculate 4 + 5 - (28 + -18).
-1
Calculate 5 + 0 + -6 + 3.
2
What is (-10 - -3) + (15 - 3)?
5
Calculate 7 + 8 - 3 - 12.
0
Evaluate 1 + -2 + (-2 + -2 - -6).
1
Calculate -1 + 0 - (9 + (-8 - 3)).
1
Calculate 0 - (5 + -12) - 4.
3
Calculate 8 + 1 + -2 + (22 - 32).
-3
What is the value of 4 - -5 - (7 - -11)?
-9
Evaluate 11 - (1 - (-12 - -3)).
1
Calculate 5 + (5 + (-5 - -2) - 2).
5
Evaluate -22 - -14 - (1 + -5 + -1).
-3
(-4 - -5 - 6) + 0
-5
(-2 - -1) + (18 + -10 - 9)
-2
What is the value of -18 - (-4 - (-7 - (-8 - 3)))?
-10
Evaluate 3 - (-1 - (3 + -8)).
-1
What is (-16 - (-4 + -4)) + 2?
-6
Evaluate 7 + (4 - (-3 + 10)).
4
What is the value of 1 - 0 - (0 + 4)?
-3
What is 0 - 3 - (7 - (6 - 0))?
-4
Evaluate -3 + 5 - (-12 - -9).
5
What is the value of 1 + 0 + (-13 - 5) + 11?
-6
What is the value of 12 + 10 + -20 + 0?
2
Calculate 2 + 0 + (0 - -1) + 4.
7
Evaluate 0 - -1 - (11 + -11).
1
1 + (8 - (-10 + 17))
2
Calculate 0 - (-3 + (1 - 1) + -2).
5
Calculate 6 - -2 - (5 + 0 + -4).
7
Calculate -12 + 1 + -21 + 30.
-2
What is -7 + (2 - 4) + 0 + 4?
-5
(4 - 4) + 3 + -2
1
What is the value of -2 + (0 - -5) + (-3 - 0)?
0
Evaluate -5 + 12 + -6 - (4 + -1).
-2
Calculate -28 + 19 - (-1 - 12).
4
-5 + (1 - -11 - (-11 - -17))
1
What is 2 + (-3 - -5 - 1) - 3?
0
-10 + 10 + 9 + -5
4
Calculate -3 + (6 - 18 - -7) + 8.
0
Evaluate 4 + 4 + -4 + -2 + -2.
0
-4 + ((-2 - -2) + 1 - -1)
-2
What is (-1 + 9 - 4) + -9 + 1?
-4
What is the value of (0 - -9) + 0 + -9?
0
Evaluate (4 - -2) + 3 + -3.
6
What is the value of -3 + -1 + 13 - 5?
4
Evaluate 1 - ((-8 - -6) + 6) - -10.
7
What is -5 + (16 - 5) + -6?
0
Calculate (0 - 11 - -10) + -8.
-9
What is 10 - (13 - (2 - 8))?
-9
-4 + 6 - (9 + -15)
8
Evaluate -2 + (3 - 0) + (-2 - 0).
-1
What is the value of (-6 - -7 - (-3 - -5)) + -2?
-3
Calculate 1 + (3 - 2) - (0 - 1).
3
What is (-1 - 0 - (20 + -18)) + 2?
-1
Evaluate -1 - (4 + -2 - (4 - 8)).
-7
Calculate -5 - ((3 - 12) + 4) - -2.
2
Evaluate (12 - (0 - -5)) + -2 - 10.
-5
What is 1 + (-1 - (3 - 4)) + -5?
-4
(-10 - (0 + -1)) + -12 + 12
-9
Calculate (0 - 2) + 9 - (50 - 37).
-6
2 + 9 + 48 + -65
-6
Calculate 1 + -4 - -11 - 1.
7
Calculate -3 - (-4 + -4 + 1).
4
Evaluate (-2 - -1) + -8 + (-65 - -66).
-8
-10 - -8 - -9 - (8 - 2)
1
Evaluate 4 - (0 - (1 - 4)).
1
What is the value of 4 + -1 + -4 - -7?
6
What is 2 + (1 + -5 - -2)?
0
What is the value of 0 - (0 + 4 + 0 + -1)?
-3
What is -4 + -2 + -2 + 13 + -2?
3
Evaluate 8 - (8 - -1) - 2.
-3
What is -2 + -1 + (-6 - -7)?
-2
What is 2 - (-12 - -21) - -13?
6
What is the value of 4 + (2 - 2) - 7?
-3
Calculate -3 - ((10 - 5) + -3).
-5
What is (-5 + 1 - -4) + 1?
1
What is (4 - -5) + (-3 - 0 - 0)?
6
Evaluate 117 + -127 - (-1 - (0 + 1)).
-8
Calculate 2 + (-5 - -2 - (5 - 10)).
4
Calculate (13 - 1) + (-14 - -10) - 3.
5
What is -1 + (-2 - -5) + 7 - 3?
6
Calculate 5 - 2 - (16 + -17).
4
What is the value of 7 + (3 - (6 + 7 + 0))?
-3
Calculate 4 - (3 - (-3 - -11)).
9
What is the value of 2 - 4 - (-3 - -2)?
-1
Calculate -1 + -43 + 51 + (-1 - -1).
7
What is -3 + 15 + -7 - 6?
-1
What is the value of -2 + (3 - 6 - 0) + 2?
-3
What is 1 + (3 - (7 + 0) - -7)?
4
Calculate (40 + -36 - (1 + -2)) + -5.
0
-5 + 3 + -2 + 3 + 6
5
Evaluate (-2 - 0) + (-17 - -21).
2
What is -4 - -2 - (1 - -1 - 8)?
4
What is -12 - -10 - (2 - (-3 + 2))?
-5
What is the value of -11 + 12 + -1 + -4?
-4
Calculate -1 + (-6 - (-7 - -4)).
-4
What is the value of (-16 - (-5 + 0)) + 6?
-5
(0 + -1 + -1 - -4) + 1
3
Evaluate -1 + (-3 - -1) + 1 + 7.
5
What is the value of -2 - (0 - -4) - (-8 + -4)?
6
Evaluate 4 - 0 - (0 + (8 - 7)).
3
What is the value of (1 - 1) + -2 + -2 + 1?
-3
What is 3 + (0 - 1) - (4 + -5)?
3
What is 20 + -13 - ((0 - -2) + 4)?
1
What is 2 + 2 + (-3 - (-1 - 3))?
5
What is the value of 8 + (-7 - -1) + -8?
-6
Evaluate -3 - (4 - (0 - -3)).
-4
Evaluate -12 + 11 + 2 + -1.
0
What is the value of -2 + 0 + 3 + 3?
4
-5 - -7 - (-2 + 2)
2
What is the value of (5 - 14 - -5) + -8 + 9?
-3
What is the value of 4 - (2 - (3 + 2 + -11))?
-4
What is the value of 6 + (-2 - (-6 + 2)) + -5?
3
Calculate -3 - (12 + -10 + 0 + 0).
-5
Evaluate 1 - 0 - (14 - (21 + -2)).
6
Evaluate 13 - 9 - (-3 + 4).
3
(1 - -15) + (52 - 59)
9
(-32 - -36 - (2 + -1)) + 4
7
Evaluate -5 + (7 + -10 - -18) + -2.
8
What is the value of (10 - 10) + -1 + -2?
-3
What is -1 + -5 + 1 + 5?
0
Evaluate -2 - (4 + -1 + 4 + -10).
1
83 + -81 - (-1 - -2 - 4)
5
What is the value of (0 - 3) + -42 + 47?
2
What is the value of -5 + (3 - (-1 - 1) - 2)?
-2
Evaluate 23 + -8 - 6 - 11.
-2
What is the value of -1 + -3 + (5 + -12 - -8)?
-3
Calculate 0 + -4 + 1 + 0.
-3
What is -7 - (8 + 3 + -5 + -15)?
2
Evaluate 6 - (4 + (6 - 7)) - 3.
0
9 - ((-3 - -6) + 2)
4
Calculate 19 + -6 + (-6 - -1).
8
-1 - (-6 - (4 + -3 + -2))
4
What is the value of 9 + -1 + -2 - 1?
5
Calculate 10 - (-10 - (0 + -14)).
6
What is (-19 - -4) + 8 - -3?
-4
-6 + (0 + -1 - -3) - 0
-4
What is the value of -14 - (-14 - (-8 + 2))?
-6
Evaluate 0 + -7 + -10 + 2 + 11.
-4
Calculate 2 + 0 - (4 - 13 - -17).
-6
1 + 2 - (2 - -3)
-2
What is 2 + -1 + 4 + -3?
2
5 + (-3 - -5) + -12 - -6
1
What is the value of -10 + 0 + 8 - (-7 + 2)?
3
(-3 - -1) + (5 + 1 - 3)
1
5 + -3 + -3 - (3 + -6)
2
What is -14 + 3 + 3 - (-4 + 1)?
-5
What is the value of 5 - (-8 - -5) - 8?
0
Calculate 0 - -1 - (-12 + (-4 - -10)).
7
Evaluate 2 + -8 + (14 - 1).
7
